s of s.
23
Suppose l = -2 - 5. Let v(x) = -3 + 1 + 5*x**2 - 3*x + 7*x - 4*x**2. What are the prime factors of v(l)?
19
Let v = 7 + -3. Suppose -5*i = 4*w - 587 - 34, 4*i + 612 = v*w. List the prime factors of w.
2, 7, 11
Let j(y) = 3*y. Let d(k) = k**2 + 6*k + 1. Let x(i) = 2*d(i) - 5*j(i). Let u be x(2). Suppose 12 = u*h - 44. What are the prime factors of h?
2, 7
Suppose -18*j + 67389 = 7431. List the prime factors of j.
3331
Let q(r) = -26*r**3 + 2*r**2 - 9*r - 28. What are the prime factors of q(-4)?
2, 3, 71
Let r(h) = -h**2 + 6*h + 3. Let i be r(5). Suppose 0*f + i = 4*f. Let q = f + 25. What are the prime factors of q?
3
Let c = -22 + 21. What are the prime factors of ((-111)/9)/((2/12)/c)?
2, 37
What are the prime factors of 19/(95/40) - -1009?
3, 113
Suppose 0 = -4*j + j, 2*g - 3*j = 1668. What are the prime factors of g?
2, 3, 139
Let h(i) = i**3 + i**2 - 3*i - 10. Let q be h(5). Let p = q - 51. Suppose -15*j + 13*j + p = 0. What are the prime factors of j?
37
List the prime factors of (-6)/(-8)*(-780*4)/(-10).
2, 3, 13
Suppose 473 = 5*a - 92. Suppose 0 = -2*n + 3*r + 55, -3*r = -4*n + 2*r + a. What are the prime factors of n?
2
Suppose -69*g + 75*g = 324. What are the prime factors of g?
2, 3
Let g(c) = 793*c**2 - 8*c - 8. What are the prime factors of g(-1)?
13, 61
Let v = -128 - -1368. List the prime factors of v.
2, 5, 31
Let v be 0 - -6 - (5 + -2). Suppose -29 + 35 = v*c. What are the prime factors of c?
2
Let q = 1517 - 846. List the prime factors of q.
11, 61
Let g(h) = h**2 + 7*h + 10. Let r be g(-6). Suppose r*c = 113 + 15. What are the prime factors of c?
2
Let p(t) = 19*t**2 + t. Let w be p(-1). Suppose -d + w = -4*d. List the prime factors of 6 + 4 + d/(-2).
13
Suppose -54*s = -48*s - 5412. What are the prime factors of s?
2, 11, 41
Suppose 4*v = -4*h + 60, -h - v - 5 = -5*v. Let n(q) = 13*q + 6*q - 9*q + h*q**2 - 5 + 13 + q**3. What are the prime factors of n(-10)?
2
Let z(n) = -69*n + 25. List the prime factors of z(-6).
439
Let l(j) = -33*j**3 - j**2 + 5*j + 6. List the prime factors of l(-4).
2, 3, 347
Suppose 3*p - 3 = 2*k + k, 0 = -2*p - 2*k + 6. Suppose -p*l - 3 = -5*l. Suppose 4*i - 4 = -2*r, -2 - l = i. List the prime factors of r.
2
Let v = 131 - -343. List the prime factors of v.
2, 3, 79
Let x = -173 + 365. List the prime factors of x.
2, 3
Let r be 24/84 + 192/14. Suppose 2*d - 3*d = -3. Suppose -r = d*k - 47. What are the prime factors of k?
11
Let u be -4*9/(-7) - 12/84. Suppose 5*j - 495 = -4*v, v - 4*v = -u*j + 495. What are the prime factors of j?
3, 11
Let m(h) = h**3 + 21*h**2 + 12*h + 14. What are the prime factors of m(-20)?
2, 3, 29
Suppose 36 = 2*d + 44, -3*t - 2*d = -1873. What are the prime factors of t?
3, 11, 19
Let n = 50 + -48. Let q(u) = u**2 + 6*u + 7. Let s be q(-5). Suppose t + 3*t - 38 = -2*l, -s*t + 30 = n*l. What are the prime factors of l?
11
Let x(d) = -70*d - 144. What are the prime factors of x(-7)?
2, 173
Let j(p) = 2*p + 19. Let o(m) = m + 9. Let d(a) = 3*j(a) - 7*o(a). Let f be d(-9). Suppose -4*x = -f*t - 0*t - 82, 0 = 2*t + 4. List the prime factors of x.
19
Let u(t) = 2*t**2 + 8*t + 9. What are the prime factors of u(-20)?
11, 59
Suppose 5*x = x + 24. Suppose 5*s + 9 = x*s. List the prime factors of (s + 0)/(6/6).
3
Let j(p) be the second derivative of p**5/20 - p**4 - 31*p**2/2 - 37*p. What are the prime factors of j(13)?
2, 3, 23
Let a = 1466 - -955. What are the prime factors of a?
3, 269
Let k = 46 + -38. Suppose -5*v - 2*u - k = 0, u + 0*u - 1 = 0. Let w(r) = -25*r + 2. What are the prime factors of w(v)?
2, 13
Suppose -3*f - 5*w + 0 = -29, f = -2*w + 11. Suppose -7 = -4*x - f. What are the prime factors of (x + 1)*(-31)/(-2)?
31
Suppose -8*j = -2*j - 18. Suppose 13 = 5*u + j. Suppose -110 = -2*p + 5*n, -4*n - 106 = -2*p + u. List the prime factors of p.
2, 5
Suppose 4*b - 8 = -s, 3*b - 8 = -3*s + 7. Let c(y) = b + 3 - 3*y - 7 + 0*y. List the prime factors of c(-8).
3, 7
Let l(g) = -82*g + 253. List the prime factors of l(-25).
7, 47
Suppose 4*p = 14 - 70. Let u be (-219)/21 - 6/p. Let v(j) = -j**2 - 12*j - 1. What are the prime factors of v(u)?
19
Let n(i) = 2*i + 7. Let l be n(-4). Let t(m) = -m**2 - 1. Let o(r) = -32*r**2 - 2*r - 3. Let j(y) = l*o(y) + 2*t(y). List the prime factors of j(-1).
29
Suppose -5*q - 4*r = -1408, 0 = -4*r + 2 - 14. What are the prime factors of q?
2, 71
Let w(b) = -1118*b - 64. List the prime factors of w(-1).
2, 17, 31
Suppose 14 + 7 = 3*q. List the prime factors of (-112)/(-18) - q*14/441.
2, 3
Let z = 784 + -382. What are the prime factors of z?
2, 3, 67
Suppose 1 + 5 = 3*k. Suppose o + o - 2*g - 14 = 0, k*o = 4*g + 8. What are the prime factors of o?
2, 5
Suppose k + p - 154 + 793 = 0, -2 = p. What are the prime factors of 2/((-7)/(k/(-2)))*-1?
7, 13
Let g(x) = 1488*x + 176. List the prime factors of g(2).
2, 197
Suppose -d = -5*u + 946, 0 = 2*d + 2 - 0. What are the prime factors of u?
3, 7
Let f(c) = 8*c**2 - c - 6. Let l = 7 + -2. Suppose -7 - 8 = -l*i. What are the prime factors of f(i)?
3, 7
Suppose 10793 + 9898 = 33*j. List the prime factors of j.
3, 11, 19
Suppose -4*t - 22 - 43 = s, -2*s - t = 102. Let d be -2 + (-5 - 228/(-3)). Let c = d + s. What are the prime factors of c?
2, 5
Let z(p) be the third derivative of -5*p**6/24 - p**5/30 + p**3/6 - 11*p**2. List the prime factors of z(-1).
2, 3
Suppose 2*y = 48 - 20. Let f be 336/2 - (11 - y). Suppose -3*x + f = 3*k, -312 = -5*x + 5*k - 27. What are the prime factors of x?
3, 19
Suppose -b - 3*b + 160 = 0. Let a = 11 + b. What are the prime factors of a?
3, 17
Let l be ((3 + -24)/7)/(6/16). Let u(k) = k**2 - 19. List the prime factors of u(l).
3, 5
Let h = -147 - -12. Let f = h + 319. Let a = f - 125. What are the prime factors of a?
59
List the prime factors of (-55)/44 + 7106/8.
887
Let r(n) = 4*n**2 - 19*n - 8. What are the prime factors of r(10)?
2, 101
Let a be 9/(-3) + 182/(-7). Let b = -25 - a. Suppose 2*d + 2*w = 0, -b = d - 4*d - w. What are the prime factors of d?
2
Suppose 0 = h - 275 + 68. List the prime factors of h.
3, 23
Suppose 11*y - 8*y = 87. Let u = y + -1. What are the prime factors of u?
2, 7
Let w be (-2722)/(-8) - (-6)/(-24). Suppose 0 = -4*g + w + 364. Suppose 4*m - g = -0*m. What are the prime factors of m?
2, 11
Suppose -n = -2*j - 329, -5*j = 5*n - 7*n + 658. What are the prime factors of n?
7, 47
Let k = -77 - -454. List the prime factors of k.
13, 29
Let h(p) = -5 - 2 - 21*p + 4 + 54*p. Let d be h(3). Suppose 3*x + x - d = 0. List the prime factors of x.
2, 3
List the prime factors of (-9798)/(-4) + (-11)/110*-15.
3, 19, 43
Let p be (1/(-2))/(11/(-154)). Suppose v = 3*u - p + 1, -21 = -4*v - 3*u. List the prime factors of -15*(1 - 5/v).
2, 5
Let d = 401 + 727. What are the prime factors of d?
2, 3, 47
Let m be 8/(-6)*(-12 - -6). Suppose 358 = -m*i + 1046. List the prime factors of i.
2, 43
Let a be 5/(-2)*468/(-30). Let p = a - 31. List the prime factors of p.
2
Suppose 2633 + 13987 = 20*l. List the prime factors of l.
3, 277
Let d(v) be the second derivative of 7*v**3/6 - 21*v**2 - 3*v + 1. List the prime factors of d(18).
2, 3, 7
Let n(j) be the second derivative of 11*j**3/6 + 12*j**2 + 44*j. What are the prime factors of n(4)?
2, 17
Let k be (-9 + 17)*(6/(-4) - -2). Suppose -5*w = -3*w - 8, -k*n + 3*w + 664 = 0. List the prime factors of n.
13
Suppose 2*p - 480 = 440. List the prime factors of p.
2, 5, 23
Let y = 17 + -14. Suppose 39 = 3*n - 4*i - 4, 0 = y*n - i - 40. Let q = n - -8. What are the prime factors of q?
3, 7
Suppose 48 = 4*m - m. Let h = -10 - -6. What are the prime factors of (-78)/h*m/12?
2, 13
Suppose 0 = -4*p + 9*p - 10. What are the prime factors of (-300*1)/(-3)*p?
2, 5
Suppose -7*v = 54 - 320. What are the prime factors of v?
2, 19
Let y = -85 + 302. Let j = -55 + y. What are the prime factors of j?
2, 3
Let y(n) = n**2 + 7*n + 3. Let z = 37 - 44. What are the prime factors of y(z)?
3
List the prime factors of (-131)/((1 - 4/3)*1).
3, 131
Let d = 17 - 15. Suppose b + b - 4*w = 272, -d*w = 4*b - 544. Suppose 6*u - b = 2*u. What are the prime factors of u?
2, 17
Let f = -11018 + 15527. List the prime factors of f.
3, 167
Let s be (788/8)/(2/4). Suppose -3*b + s = -b - 3*h, 5*b - 486 = h. Suppose -5*z - 37 + b = 0. List the pr